(-67 - -2)).
28
Suppose 3*s - 920 = -z, 6*z + 35 = z. What is the remainder when s is divided by 8?
5
Let y(r) = r**2 - r + 215. Let k be y(0). Let n = -195 + k. Calculate the remainder when 218 is divided by n.
18
Let w(n) = n**3 + 2*n**2 - 4*n + 1. Let a be w(-3). Let p be (-290)/(-2) - 1 - a. Suppose 0 = 3*v + 2*v - p. Calculate the remainder when v is divided by 10.
8
Suppose 3*s - 5*s = -4. Let m(a) = 5 - 19*a + s - 3 - a. Calculate the remainder when m(-7) is divided by 21.
18
Let f(g) = g**3 - 4*g**2 - 28*g + 2. Let x be f(7). Let h be (68 - -1) + 4/(-2). Let o = h + x. Calculate the remainder when 137 is divided by o.
17
Suppose 0 = h - 5*c - 1035, -140*h + 139*h + 2*c = -1029. Suppose -3*l + 0*r + 740 = 2*r, 4*l = 5*r + h. Calculate the remainder when l is divided by 16.
10
Let o(f) = f**2 - 19*f - 23. Calculate the remainder when 193 is divided by o(22).
21
Let b = -637 - -691. Calculate the remainder when 265 is divided by b.
49
Suppose 0 = 40*b - 33*b - 1316. Let y = b + -161. What is the remainder when 134 is divided by y?
26
Suppose 21*w + 27*w - 7152 = 0. What is the remainder when 297 is divided by w?
148
Let s(j) = 4*j**3 - 2*j**2 + j. Let b be -3 - (0 + 4)/(-1). Let w be s(b). Calculate the remainder when -1 + w - 1 - (-244)/4 is divided by 16.
14
Let c = 574 + -572. Suppose 33 = 5*b - 4*b. What is the remainder when b is divided by c/(-6)*-33 - 7?
1
Suppose -7*f - m = -4*f - 9, -f = -m + 1. Calculate the remainder when 45 is divided by ((-736)/(-80))/(f/5).
22
Let l = -525 - -3591. Suppose 0*w + 21*w = l. What is the remainder when w is divided by 52?
42
Suppose -30 = -2*c - 24. What is the remainder when 192 is divided by ((-310)/(-5))/2 - c?
24
Let d be 2 + (344 - 3 - 2). Let w be d/2 - ((-27)/6 - -3). Suppose 0 = 5*h - 283 - w. Calculate the remainder when h is divided by 19.
15
Let i = 6 + 14. Suppose -1004*t + 996*t + 456 = 0. What is the remainder when t is divided by i?
17
Suppose 0 = -10*l + 6*l + 136. Suppose -l*j + 132 = -30*j. Let b = j - -22. What is the remainder when b is divided by 14?
13
Suppose 2*t - 45 = -5*z + 69, 0 = 5*z + 4*t - 118. Suppose -2*h + z = 32*m - 36*m, -3*h - 3*m = -33. Calculate the remainder when 175 is divided by h.
10
Let b = 540 - 539. Calculate the remainder when 194 is divided by 99/21*b*7.
29
What is the remainder when 38/171 - (30275/45)/(-1) is divided by 334?
5
Let f = 1631 - 934. Let u = f + -427. Suppose -j - 5*j = -u. What is the remainder when j is divided by 24?
21
Let g be (-192)/(-88) + 6/(-33). Suppose 4*x - 122 = g*a, -3*x - 4*a + 4 + 82 = 0. What is the remainder when 53 is divided by x?
23
What is the remainder when 71/((2/(-1))/(-4)) is divided by (-9 - 350/(-40))*-24?
4
Suppose 4*z + 67 = -k + 6*k, 0 = -k - 2*z + 19. What is the remainder when 100 is divided by k?
10
Suppose 94 - 117 = -9*v + 121. What is the remainder when 135 is divided by v?
7
Let l = 57 + -53. Suppose 0 = -l*z - 2*z + 822. Calculate the remainder when z is divided by 28.
25
Let p = 1002 + 1800. What is the remainder when p is divided by 33?
30
Suppose -4*n + 280 = 2*j, -j - 3*n + 2*n + 141 = 0. What is the remainder when j is divided by 29?
26
Let j(p) = 4*p**2 - 16*p + 2. Let c be j(4). Suppose 58 = c*x - b, -16*x + 4*b + 29 = -15*x. Calculate the remainder when 491 is divided by x.
27
Suppose 0 = j - 2 + 6. Suppose -14*a - 632 + 122 = -99*a. What is the remainder when (j/6)/(8/(-492)) is divided by a?
5
Suppose 4852 = 66*v - 152 - 4104. Calculate the remainder when 196 is divided by v.
58
Let o = 8409 - 8289. What is the remainder when 596 is divided by o?
116
Suppose 4*p = -5*f + 41, -6*f + f = -5. Suppose 3*y + 2*o - 16 = 0, -6*y - 2*o + 8 = -7*y. What is the remainder when p is divided by y?
1
Let t(n) = 42*n. Let r(o) = -7*o - 3. Let g be r(-1). Suppose -5*m + 4*p = -123, -m + 31 = -0*m - g*p. What is the remainder when t(1) is divided by m?
19
Let t be (-4)/14 + 23/7. Suppose t*i - 58 = 8. Suppose -59*n + 274*n = -8241 + 22001. What is the remainder when n is divided by i?
20
Let t = 2224 - 2203. Let x = -2 - -17. Let p = x + 108. Calculate the remainder when p is divided by t.
18
Let c(m) be the first derivative of 85*m**2/2 + 5*m - 5. Let d be c(3). Suppose 4*k = 6*k - d. What is the remainder when k is divided by 33?
31
Let o be ((-2)/(-2))/((-444)/90 + 5). Let l = 30 + o. Calculate the remainder when 86 is divided by l.
41
Suppose 3*n = -3*m - 0*m + 2643, 4*n - 3527 = -m. Suppose n + 318 = 15*i. What is the remainder when i is divided by 28?
24
Let c = 6 + -1. Let z be c/(-40) - 49/(-8). Suppose -2*l + 306 = 4*a, -3*a + 217 = z*l - 2*l. What is the remainder when a is divided by 16?
15
Let l(y) = -2*y**3 + 36*y**2 - 36*y + 63. What is the remainder when 4086 is divided by l(17)?
26
Let i = 13 + 0. Suppose 3*m = -2*j - 9, 11 = -2*j - 2*j + m. What is the remainder when 35/(-15) - j - (-73)/3 is divided by i?
12
Let d = 923 + -557. Let r = d + -360. Calculate the remainder when 310 is divided by r.
4
Suppose 14 = 5*q - 2*g - 80, 4*g + 8 = 0. Let j(k) = -k + 85. Calculate the remainder when j(0) is divided by q.
13
Let z = -13175 + 13289. What is the remainder when 934 is divided by z?
22
Let c be 1*154 + (2 - 2 - 4). Let v = 171 - c. Calculate the remainder when 83 is divided by v.
20
Let w(h) = 2*h**3 + 4*h**2 - 102*h + 193. What is the remainder when 4396 is divided by w(2)?
7
Suppose 13 = 3*l + 76. Let n = -7 - l. Calculate the remainder when 77/n*(7 + -1) is divided by 19.
14
Suppose -26*n + 21*n = -20. Suppose n*g = f - 24, f = -4*g + 3*g + 19. What is the remainder when 98 is divided by f?
18
Let v(h) = 3*h**2 - 13*h - 14. Let l be v(-1). Suppose -4*o - 40 + 302 = l*a, -3*o + 134 = a. Calculate the remainder when a is divided by 42.
41
Let k be ((-94)/(-470))/(1/15). Calculate the remainder when 183 is divided by (k*(-12)/9)/(60/(-285)).
12
Let b(j) = j**3 - 32*j**2 - 67*j + 13. Let n be b(35). Let o = -1128 + n. Let g = 36 - -19. Calculate the remainder when o is divided by g.
50
Suppose d + 34 = 3*i, 2 = -1378*i + 1377*i + 3*d. Suppose -37 = -3*o + 74. Calculate the remainder when o is divided by i.
11
Suppose 128 + 86 = 4*m - 2*p, 3 = -p. Let v(t) = -3*t**2 + 27*t - 28. Let a be v(9). Let b = a + m. What is the remainder when 69 is divided by b?
21
What is the remainder when 498 is divided by 468 - 1 - 0 - 35/(6 + -11)?
24
Suppose -5*c + 4*c + 57 = 0. Suppose 5*r = 7*a - 6*a - 20, -4 = 4*r. Let p = c - a. What is the remainder when p is divided by 22?
20
Let k = 236 + -244. What is the remainder when 11868/42 - k/(-42)*3 is divided by 57?
54
Let p be (3 + 15/(-5))/(-4). Suppose p = -f - 81 - 3. Let l = f + 115. What is the remainder when 92 is divided by l?
30
Let f = -5626 - -5770. Calculate the remainder when 570 is divided by f.
138
Let u(l) = -2*l**3 - 2*l**2 + 3*l + 2. Let h be u(-2). Suppose i = 3*f - h*i + 95, f - i = -31. Let z = f + 58. What is the remainder when z is divided by 6?
4
Let r(c) = -c**2 + 75*c + 1837. What is the remainder when 309 is divided by r(94)?
3
Suppose 3*c - 10 = 3*n + 5*c, 2*c + 10 = 0. Suppose -5*k = -2*r - n*k + 48, 5*r + 4*k - 120 = 0. What is the remainder when r is divided by 17?
7
Let b be (-37)/(-3 + -5 + 9477/1185). Suppose -19*x - 18*x = -b. What is the remainder when x is divided by 33?
32
Let n(m) be the first derivative of m**3/3 - 7*m**2/2 - 120*m + 97. What is the remainder when n(19) is divided by 9?
0
Calculate the remainder when 2685*(-3 - (-110)/6) is divided by 11.
8
Suppose -6*q = -3*q + j - 58, -4*q = -2*j - 74. What is the remainder when 385 is divided by q?
5
Suppose -2*a + 152 = p, 131 = -p + 125. What is the remainder when 302 is divided by a?
65
Suppose 3*g = 4*t + 23, -3*g - 14*t + 30 = -11*t. What is the remainder when 256 is divided by g?
4
Let j be 6*(12/(-4))/(-6). What is the remainder when 14 + (-3)/(-1) + j is divided by 15?
5
Suppose 39*s - 31*s = 12821 + 2771. What is the remainder when s is divided by 61?
58
Let p = -5452 + 5724. What is the remainder when p is divided by 25?
22
Let z = 84 + -141. Let c = z - -33. Calculate the remainder when (-1*(0 - c))/(-1) is divided by 15.
9
Let c = 33 - 33. Suppose -5*w - u = -80, c*w - 2*u = -w + 27. What is the remainder when 101 is divided by w?
16
Let l = -10203 